rs of 13791536.
2, 11, 23, 3407
List the prime factors of 510942.
2, 3, 31, 41, 67
List the prime factors of 810824.
2, 7, 14479
List the prime factors of 8960438.
2, 19, 37, 6373
What are the prime factors of 2234732?
2, 558683
List the prime factors of 796018.
2, 31, 37, 347
What are the prime factors of 48820?
2, 5, 2441
List the prime factors of 2177128.
2, 272141
List the prime factors of 462280.
2, 5, 7, 13, 127
What are the prime factors of 43763632?
2, 11, 248657
What are the prime factors of 407747?
407747
List the prime factors of 188836.
2, 17, 2777
What are the prime factors of 1513613?
349, 4337
List the prime factors of 743983.
19, 39157
List the prime factors of 8459499.
3, 1051, 2683
What are the prime factors of 1608876?
2, 3, 14897
What are the prime factors of 2327730?
2, 3, 5, 77591
List the prime factors of 3477464.
2, 434683
List the prime factors of 223183.
53, 4211
What are the prime factors of 1928397?
3, 642799
What are the prime factors of 65361?
3, 21787
List the prime factors of 428665.
5, 85733
What are the prime factors of 2891213?
13, 29, 7669
List the prime factors of 16053013.
821, 19553
List the prime factors of 143164.
2, 7, 5113
List the prime factors of 9597210.
2, 3, 5, 7, 23, 1987
What are the prime factors of 93893?
93893
List the prime factors of 15145992.
2, 3, 210361
List the prime factors of 11098.
2, 31, 179
What are the prime factors of 3086423?
3086423
What are the prime factors of 2172173?
2172173
What are the prime factors of 1018951?
19, 53629
What are the prime factors of 291395?
5, 13, 4483
List the prime factors of 385072.
2, 41, 587
What are the prime factors of 76679?
76679
List the prime factors of 1703961.
3, 7, 17, 37, 43
What are the prime factors of 30432252?
2, 3, 29, 157, 557
What are the prime factors of 3010956?
2, 3, 13, 19301
List the prime factors of 160308.
2, 3, 61, 73
What are the prime factors of 194103?
3, 7, 13, 79
List the prime factors of 1823157.
3, 7, 43, 673
List the prime factors of 4127672.
2, 23, 22433
What are the prime factors of 26931744?
2, 3, 7, 61, 73
List the prime factors of 12226506.
2, 3, 2037751
List the prime factors of 528005.
5, 105601
What are the prime factors of 6134018?
2, 11, 278819
What are the prime factors of 1382779?
1382779
What are the prime factors of 4204951?
233, 18047
What are the prime factors of 1092080?
2, 5, 11, 17, 73
What are the prime factors of 657671?
7, 47, 1999
What are the prime factors of 214143?
3, 41, 1741
List the prime factors of 13730556.
2, 3, 7, 223, 733
What are the prime factors of 7295?
5, 1459
What are the prime factors of 678923?
7, 96989
List the prime factors of 380553.
3, 126851
What are the prime factors of 127508?
2, 127, 251
List the prime factors of 239011.
457, 523
What are the prime factors of 209481?
3, 69827
What are the prime factors of 9309797?
7, 1329971
List the prime factors of 1746543.
3, 582181
List the prime factors of 261134.
2, 59, 2213
List the prime factors of 5554798.
2, 101, 107, 257
What are the prime factors of 927954?
2, 3, 31, 1663
List the prime factors of 97918.
2, 173, 283
List the prime factors of 81476.
2, 20369
What are the prime factors of 101203?
101203
What are the prime factors of 696669?
3, 181, 1283
List the prime factors of 20361899.
137, 148627
List the prime factors of 35695124.
2, 8923781
List the prime factors of 21420.
2, 3, 5, 7, 17
List the prime factors of 2078279.
7, 337, 881
List the prime factors of 4057493.
11, 33533
List the prime factors of 979430.
2, 5, 97943
What are the prime factors of 5344555?
5, 29, 31, 41
What are the prime factors of 244188?
2, 3, 7, 17, 19
List the prime factors of 176748.
2, 3, 11, 13, 103
List the prime factors of 1145326.
2, 7, 13, 29, 31
What are the prime factors of 786080?
2, 5, 17
What are the prime factors of 8012?
2, 2003
List the prime factors of 304891.
509, 599
List the prime factors of 9257775.
3, 5, 17, 53, 137
What are the prime factors of 3642185?
5, 728437
List the prime factors of 6559525.
5, 7, 37483
List the prime factors of 753260.
2, 5, 37663
List the prime factors of 679431.
3, 37, 6121
List the prime factors of 351099.
3, 7, 5573
What are the prime factors of 609735?
3, 5, 7, 5807
What are the prime factors of 3345422?
2, 431, 3881
What are the prime factors of 99649?
11, 9059
What are the prime factors of 15290?
2, 5, 11, 139
List the prime factors of 6646.
2, 3323
List the prime factors of 574899.
3, 13, 14741
List the prime factors of 5856874.
2, 17, 10133
What are the prime factors of 267531?
3, 11, 67
List the prime factors of 2725316.
2, 11, 23, 2693
List the prime factors of 604753.
604753
List the prime factors of 1468167.
3, 489389
What are the prime factors of 186896?
2, 11681
List the prime factors of 8507247.
3, 7, 193, 2099
List the prime factors of 7394432.
2, 41, 1409
List the prime factors of 16301518.
2, 41, 61, 3259
What are the prime factors of 8208689?
367, 22367
What are the prime factors of 108459?
3, 13, 103
What are the prime factors of 366982?
2, 7, 11, 2383
List the prime factors of 439116.
2, 3, 23, 37, 43
What are the prime factors of 1323027?
3, 19, 2579
List the prime factors of 286986.
2, 3, 7, 6833
What are the prime factors of 1580813?
13, 17, 23, 311
What are the prime factors of 16516721?
13, 557, 2281
List the prime factors of 2445793.
7, 349399
What are the prime factors of 82980?
2, 3, 5, 461
List the prime factors of 202492.
2, 23, 31, 71
What are the prime factors of 43488716?
2, 10872179
List the prime factors of 250867.
250867
List the prime factors of 196123.
43, 4561
List the prime factors of 30004.
2, 13, 577
What are the prime factors of 4827872?
2, 7, 3079
List the prime factors of 17467364.
2, 17, 256873
List the prime factors of 173650.
2, 5, 23, 151
List the prime factors of 11623489.
61, 89, 2141
What are the prime factors of 17691790?
2, 5, 109, 16231
List the prime factors of 9149114.
2, 13, 47, 7487
What are the prime factors of 6596010?
2, 3, 5, 83, 883
What are the prime factors of 2181700?
2, 5, 21817
List the prime factors of 6261065.
5, 863, 1451
List the prime factors of 1842448.
2, 115153
List the prime factors of 124720.
2, 5, 1559
List the prime factors of 2578753.
43, 59971
What are the prime factors of 65354?
2, 41, 797
List the prime factors of 6029489.
47, 128287
What are the prime factors of 22806871?
22806871
List the prime factors of 919254.
2, 3, 7, 43, 509
List the prime factors of 3469318.
2, 59, 29401
List the prime factors of 763361.
73, 10457
List the prime factors of 572744.
2, 71593
What are the prime factors of 1327482?
2, 3, 13, 31, 61
What are the prime factors of 614557?
479, 1283
What are the prime factors of 475005?
3, 5, 31667
What are the prime factors of 11147765?
5, 661, 3373
List the prime factors of 6484988.
2, 23, 70489
List the prime factors of 6146194.
2, 283, 10859
What are the prime factors of 15514749?
3, 1723861
List the prime factors of 7810656.
2, 3, 7, 59, 197
What are the prime factors of 4982086?
2, 2491043
What are the prime factors of 11321?
11321
What are the prime factors of 172640?
2, 5, 13, 83
List the prime factors of 1432036.
2, 61, 5869
What are the prime factors of 1122324?
2, 3, 7, 31, 431
What are the prime factors of 127702?
2, 67, 953
What are the prime factors of 225603?
3, 7, 3581
What are the prime factors of 5414119?
31, 174649
What are the prime factors of 4774366?
2, 2387183
What are the prime factors of 2387476?
2, 7, 13, 937
What are the prime factors of 963000?
2, 3, 5, 107
List the prime factors of 1388652.
2, 3, 97, 1193
What are the prime factors of 6988196?
2, 59, 29611
List the prime factors of 193952.
2, 11, 19, 29
What are the prime factors of 11051578?
2, 19, 337, 863
List the prime factors of 3626684.
2, 53, 17107
List the prime factors of 82945.
5, 53, 313
List the prime factors of 772059.
3, 257353
List the prime factors of 668375.
5, 5347
List the prime factors of 553117.
29, 19073
List the prime factors of 1280957.
53, 24169
What are the prime factors of 565642?
2, 7, 11, 3673
What are the prime factors of 22250?
2, 5, 89
List the prime factors of 155570.
2, 5, 47, 331
What are the prime factors of 2811263?
7, 13, 30893
List the prime factors of 4482033.
3, 17, 23, 